l + a = 59. What is the greatest common factor of l and 20?
4
Let g(h) = h + 2. Let q be g(-1). Let y be (-3)/3 + (-2 - q). Let i = y + 18. What is the highest common factor of 2 and i?
2
Let p = 133 + -13. Calculate the highest common divisor of 90 and p.
30
Let p = 97 + -58. Let h(z) = -z - 3. Let q be h(4). Let d(j) = j**3 + 8*j**2 + 6*j + 6. Let a be d(q). Calculate the greatest common factor of a and p.
13
Let i(q) = 3*q**2 - 14*q + 15. Let a be i(-7). What is the highest common divisor of 2210 and a?
130
Let q be 528/36*(-2 - -14). Calculate the highest common divisor of q and 143.
11
Let y(r) be the third derivative of 11*r**5/60 + r**4/24 + r**3/6 - 39*r**2. Let j be y(-1). What is the highest common divisor of j and 121?
11
Let g be (-3)/(-7) - (-3776)/(-56). Let f = g + 87. What is the greatest common divisor of 120 and f?
20
Suppose -89*c + 81*c = -24. What is the greatest common divisor of 249 and c?
3
Suppose -b = -c + 9, -37 = -87*b + 91*b - 3*c. Suppose -3 = -3*q + 54. Let m = q + b. What is the greatest common factor of 45 and m?
9
Let k = -108 - -325. What is the greatest common factor of 31 and k?
31
Let j be ((-4)/(-5))/(16/(-120)). Let q be -3 - (-1688)/20 - j/(-15). Calculate the highest common divisor of q and 9.
9
Suppose -3*o = -0*o - 18. Let u be 0 - (-2 - 2) - 8. Let d be (36/2)/((-6)/u). What is the greatest common divisor of d and o?
6
Let n(j) = -j**2 - 9*j + 13. Let w be n(-10). Suppose h = w*h - 8. Suppose m - 12 = -h*y + 5, 2*m - 46 = -5*y. What is the highest common factor of 22 and m?
11
Let w(b) = 9*b - 50. Let i be 248/32 + 0 + 9/(-12). Let y be w(i). What is the highest common divisor of 52 and y?
13
Suppose 0 = -7*u - 4*y - 52 + 250, 2*u + 2*y - 60 = 0. Let b(s) = -s. Let l be b(1). Let h be -1*(-39 + l + 1). What is the greatest common divisor of u and h?
13
Let n be 205/(-9) - 20/90. Let j = 28 + n. Calculate the highest common factor of j and 15.
5
Let h(v) = -v + 30. Suppose 0 = -0*m - 3*m. Let j be h(m). Suppose 2*w + 2*w - 180 = 0. Calculate the highest common divisor of w and j.
15
Let r = 46 - 35. Suppose -r = -w + 3. What is the greatest common factor of 98 and w?
14
Let q(o) = -o**3 - 5*o**2 + 16*o + 7. Let b be q(-7). Let f(p) = p + 16. Let n be f(0). Let u = b + n. Calculate the greatest common factor of 99 and u.
9
Suppose 0 = 2*x - 5*x + 6. Suppose w + m = -x*w + 99, -3*m - 77 = -2*w. Let g be (18/78)/(7/1547). What is the greatest common factor of g and w?
17
Let v(t) = -3*t - 10. Let o(i) = -6*i + 8. Let w be o(2). Let s be v(w). What is the greatest common factor of 8 and s?
2
Suppose 302 + 115 = 5*s - 4*f, -3*s + 2*f = -251. Suppose -2*l + 0*l = -148. Let w = l - 40. Calculate the highest common factor of s and w.
17
Let p be 2/(-1)*(-2)/(-4). Let m be 15/((-10)/(-4) + p). Suppose -550 = 9*s - 14*s. What is the greatest common factor of s and m?
10
Suppose -c + 4*a = -19 - 27, -3*c + 4*a + 98 = 0. Suppose o = -4*o + 25. Suppose -2*w = -o*w + 39. Calculate the highest common divisor of w and c.
13
Let n be (-154)/4*216/(-126). Suppose -2*v + 34 = -5*b - 10, 66 = 3*v - 5*b. Calculate the highest common divisor of n and v.
22
Let w be ((-4)/(-1))/((-22)/33). Let i be (20/w)/((-14)/63). Let h = i - -6. Calculate the highest common factor of 3 and h.
3
Let m be ((-6)/(-7))/(27/126). Suppose 0*a - 2*z = -m*a + 148, 5*a - 191 = 4*z. Calculate the highest common divisor of 315 and a.
35
Let p(r) = -r + 12. Let m = -56 - -50. Let d be p(m). What is the greatest common divisor of 198 and d?
18
Suppose -3*g - 15 = -6*g. Suppose -6 + 30 = 2*u + g*m, 2*u = -3*m + 28. Calculate the highest common divisor of 136 and u.
17
Suppose 5*b - 148 = 287. Let w = -59 + b. Suppose 6*l = 3*l + 126. Calculate the highest common factor of w and l.
14
Let i(z) = 3*z**2 + 21*z. Let f be i(-8). Suppose -4*q + s + 30 = -2*s, 5*s = 5*q - 40. What is the highest common divisor of q and f?
6
Suppose 5*k - 19*n = -17*n + 39, 5*k - n = 42. Calculate the greatest common divisor of 1647 and k.
9
Let q = 2471 + -1283. What is the highest common factor of 44 and q?
44
Let y = 524 - 401. What is the greatest common factor of 82 and y?
41
Suppose 20 = 4*t + 2*g + 56, 0 = -3*t - 4*g - 37. Let r be 0/2 - (-6 - t). Let q be r*(-4)/1 - -2. Calculate the greatest common factor of q and 9.
3
Suppose 33 = 4*f - 3*f. Suppose b + 5*o = f, -b - 2*b - 3*o = -87. What is the highest common factor of b and 308?
28
Suppose -3*l = 3*l - 300. Let a = 52 - l. Calculate the greatest common divisor of a and 8.
2
Suppose 9 = p + 3*v + 2*v, -2*p + v = -18. Suppose -6*x - 6 = -p*x. What is the greatest common factor of x and 2?
2
Let k(q) = -182*q + 44. Let d be k(-1). What is the greatest common divisor of 113 and d?
113
Let u = 44 + 10. Let h be (-4 - -3 - 1/(-3))*-24. Suppose 3*i + p + 4 = 21, -2*i + 4*p = -h. What is the greatest common divisor of i and u?
6
Let w(f) = 9*f. Let d = -102 + 108. Let a be w(d). What is the highest common divisor of a and 90?
18
Let u(z) = 25*z**2 - 28*z - 102. Let m be u(-6). What is the highest common factor of 46 and m?
46
Let n be 44/(-7) - (-20)/70. Let g be (-1)/n + (-1)/((-6)/341). What is the greatest common divisor of 19 and g?
19
Let z be (2 + -1)/((-2)/(-60)). Let c(i) = -3*i + 11. Let a be c(9). Let w be (-6)/(-5)*(-160)/a. Calculate the highest common factor of z and w.
6
Let u = 145 - -25. Let y = 322 - u. Suppose -p = 3*p - 76. What is the highest common factor of p and y?
19
Let w(p) = p**2 + 4*p - 15. Let n = -23 + 14. Let y be w(n). Calculate the greatest common factor of y and 15.
15
Let y = 4 + 34. Let a = y - -22. Calculate the highest common divisor of a and 15.
15
Let l = 81 + -21. Calculate the greatest common divisor of 48 and l.
12
Let s(g) = -g - 2. Let b be s(-2). Suppose b = -4*c - 30 + 142. Calculate the highest common factor of 140 and c.
28
Let y(a) = 52*a + 7. Let z be y(0). Suppose 5*m + 5*v = 300, 2*m = 5*v + 10 + 82. What is the greatest common factor of m and z?
7
Let v(s) = -s + 23. Let i be v(19). Let a = -8 + 12. What is the greatest common factor of i and a?
4
Let a = -31 + 42. Let o be 2/(-19) + (-249)/(-19). Let v = -2 + o. What is the greatest common factor of a and v?
11
Let u(h) = 47*h**2 - 41*h**2 - 1 + 3 + h**3. Let j be u(-6). Suppose 4*m = -j*a + 170, -3*m - a = -97 - 33. What is the highest common divisor of m and 15?
15
Suppose 0 = 9*o - 59 - 256. Let t = -58 + 32. Let h be t/(-5) - (-1)/(-5). What is the highest common factor of o and h?
5
Let u(b) = b + 21. Let a be u(-18). Suppose 68 = a*y + 5*q, -5*y = -2*y + q - 52. What is the greatest common factor of 160 and y?
16
Suppose 4913 = 10*i + 7*i. What is the highest common divisor of i and 17?
17
Let j = -384 - -450. What is the highest common factor of 12 and j?
6
Let o(y) = y**3 - 6*y**2 + y - 2. Let g be o(6). Let h = 61 - -43. Let c = -64 + h. What is the greatest common divisor of g and c?
4
Let a be -3 + (-11 + -1)/((-15)/190). Suppose 147*c + 42 = a*c. Calculate the greatest common factor of 3 and c.
3
Let n = -4 + 21. Suppose -2*c = -b - n, 2*c + 3 = -0*c + 5*b. What is the greatest common factor of c and 44?
11
Let i(l) = -l**3 + 10*l**2 - 8*l + 5. Let v be i(9). What is the highest common factor of v and 35?
7
Suppose 0*p = 4*p + 4*p. Let x be -2*(-4 - (-1 + -1)). Suppose 3*q - x*k = 96, 5*q - 2*k + p*k - 160 = 0. What is the greatest common divisor of q and 4?
4
Let s be 2 - -2 - ((-30)/(-5) + -28). Calculate the greatest common divisor of s and 286.
26
Let l be (63/14)/(3/216). What is the greatest common divisor of 12 and l?
12
Let b(u) = u**3 + 2*u**2 + u + 1. Let v be b(1). Calculate the highest common divisor of v and 15.
5
Let i be (8/(-16))/(4/(-64)). Let n = -2 - -7. Suppose i = n*z - 2. What is the highest common factor of 20 and z?
2
Let g(s) = s**3 - 13*s**2 - 13*s + 21. Let j be g(14). Calculate the greatest common divisor of j and 7.
7
Suppose -5*b - h = -1615, -12*h + 9*h = 2*b - 659. What is the highest common divisor of 14 and b?
14
Let z be ((-55)/(-15) - 4)/(1/(-135)). Calculate the greatest common factor of 10 and z.
5
Let z(m) = m**2 - 6*m + 9. Let y be z(6). Let h = y + -1. What is the greatest common factor of 16 and h?
8
Suppose 4*j + 339 - 2363 = 5*o, 491 = j - 5*o. Calculate 